te the remainder when 189 is divided by u.
37
Let n = -81 - -93. Suppose 4*u = -2*b + 44, -b + 22 + 2 = 3*u. What is the remainder when b is divided by -2*4/(-6) - (-8)/n?
0
Let a(z) = z**2 - 3*z + 1. Let x(o) = 37*o**2 + 4*o - 10. Let t(u) = -3*a(u) + x(u). What is the remainder when t(1) is divided by 5?
4
What is the remainder when -8718*(-24 + 564/24) is divided by 30?
9
Suppose 11*h = -1445 - 480. Calculate the remainder when 10581/75 + 14/h is divided by 16.
13
Let f(p) = 1 + 100*p + 0 + 52*p. Suppose 0 = -21*j + 67 - 46. What is the remainder when f(j) is divided by 39?
36
Suppose 224 = 4*z - 0*a - 4*a, -5*z - 3*a = -288. Suppose 0 = z*p - 52*p - 200. Calculate the remainder when p is divided by (63/(-4))/9*-4.
5
Let n = 7605 + -7245. What is the remainder when 1093 is divided by n?
13
Let g = 4912 + -4655. Calculate the remainder when g is divided by 112.
33
Suppose 5*a + 0*a = 150. What is the remainder when (-675)/(-5) - 2 - (-19)/((-133)/(-56)) is divided by a?
21
Calculate the remainder when 137280/364 + (-2)/14 is divided by 177.
23
Let p(c) = -35*c - 102. Let t be p(-6). Suppose 4*k - t = 4*h, 5*k - h = 7*k - 60. What is the remainder when 127 is divided by k?
11
Let x(c) = -c**3 - 12*c**2 + 187*c - 29. Calculate the remainder when 997 is divided by x(-21).
9
Let t = 16598 + -16502. What is the remainder when 4702 is divided by t?
94
Let y(r) = -2*r**2 - 140*r - 2016. Calculate the remainder when 978 is divided by y(-21).
12
Let n = 55 - 11. Let s be 4 + -15 + (-4)/(-2). Let p(f) = 4*f + 59. Calculate the remainder when n is divided by p(s).
21
Let x = -4881 + 4948. Let y(o) = o**2 - 4*o - 5. Let t be y(-3). Calculate the remainder when x is divided by (38/4)/(8/t).
10
Let t = 4976 - 4787. What is the remainder when 400 is divided by t?
22
Suppose 295*r - 261*r = 986. What is the remainder when ((-2)/(-3))/(4/258) is divided by r?
14
Suppose -58438*y + 58435*y = -4494. Calculate the remainder when y is divided by 88.
2
Let z = 2492 + -2167. What is the remainder when z is divided by 38?
21
Let c be (385/(-20) + 2)*-48 + 1. Let o = -635 + c. What is the remainder when o is divided by 47?
6
Suppose a = -3*w + 2698, -w + 906 = 19*a - 17*a. Calculate the remainder when w is divided by 131.
112
Let x(q) = 13*q**3 - q**2 + 1. Let d be 1/(5*1/5). Let m be x(d). Let h(i) = i**2 - 6*i + 11. What is the remainder when h(m) is divided by 13?
11
Let h(i) = 4*i + 3*i - 22*i - 14 + i**2 + 9*i. Calculate the remainder when -11 + 7 + 16*4 is divided by h(9).
8
Suppose 0 = 3*u + w - 2326, -83*w + 85*w = -2*u + 1540. What is the remainder when u is divided by 2?
0
Suppose 8*t + 468 = -76. Let x = 22 - t. Suppose 4*b - 48 = -4*p, -5*p + 6*b = b - x. What is the remainder when 71 is divided by p?
11
Calculate the remainder when 399 is divided by 401/1 - ((-4365)/(-720) - (-2)/(-32)).
4
Suppose -12*o = -50 - 22. Suppose 5 = 5*h, 121 = -4*g + o*g - 5*h. What is the remainder when 186 is divided by g?
60
Let y be ((-24)/22)/(24/(-264)). Let l(z) = 2*z**2 - 20*z - 15. Calculate the remainder when l(y) is divided by 7.
5
Let b(x) = -13*x**2 + 66*x + 11. Let d be -1*(15 + 0/2). What is the remainder when b(5) is divided by (-215)/(-25) - 6/d?
7
Let p = 808 - 791. Calculate the remainder when 3856 is divided by p.
14
Suppose -18 = -4*i - 6. Suppose 3*r = i*t + 24, -5*r - 4 = -2*t - 38. Let g(j) = j**3 + 12*j**2 - 2*j + 10. Calculate the remainder when g(-12) is divided by r.
4
Suppose -5619*k - 243 = -5622*k. What is the remainder when k is divided by 67?
14
Let s be (18 + -18 + 2*-1)*2. Let v(w) = 14*w**2 + 14*w + 5. What is the remainder when v(s) is divided by 45?
38
Let m(j) = 20*j + 734. Calculate the remainder when m(38) is divided by 34.
32
Let r(s) = -s + 7. Let y be r(7). What is the remainder when 5/(-10)*y - -16 is divided by 10?
6
Let u = -10049 - -10235. What is the remainder when 1110 is divided by u?
180
Suppose 8*o = 4*o + 16. Let h be (o/12)/(3/(-9)). What is the remainder when 131 is divided by h*2 - 506/(-11)?
43
Suppose -115366 = 50*q - 124*q. What is the remainder when q is divided by 12?
11
Suppose 30 + 68 = 14*c. Let r(o) = o**2 - 5*o + 5. Calculate the remainder when r(c) is divided by 7.
5
Let w be (-7)/28 - (-945)/4. Suppose 0*h + 4*h = w. Calculate the remainder when 233 is divided by h.
56
Let b(r) be the first derivative of r**3/3 + 22*r**2 - 169*r + 207. What is the remainder when 33 is divided by b(-48)?
10
Suppose 4*y + 151 = -2*w + 395, -2*w + y + 249 = 0. Calculate the remainder when w is divided by 7.
5
Let b(n) = -19*n - 16. Let d be b(-6). Suppose -d*q + 92*q + 192 = 0. Calculate the remainder when 94 is divided by q.
30
Suppose 0 = q - 3*p - 8 - 3, -5*q + 95 = -5*p. What is the remainder when 4389 is divided by q?
19
Let v be ((-648)/60)/(-18) - (-3)/(-5). Suppose v = p - 343 + 338. Calculate the remainder when 77 is divided by p.
2
Let g be (200/36)/2 - 2/(-9). Suppose 0 = 4*z + 3*u + 7 - 74, -5*z - g*u + 80 = 0. Suppose 2*o - z = 27. What is the remainder when 37 is divided by o?
17
Let u = 12666 - 11722. Calculate the remainder when u is divided by 468.
8
Suppose 22*l = 339 + 101. What is the remainder when 2053/15 + (-2)/(-15) is divided by l?
17
Suppose 0 = -3*a + 18, -3*a + a + 380 = 2*v. What is the remainder when 198 is divided by v?
14
Suppose -26 = 4*d + 458. Let q = -26 - d. Calculate the remainder when q is divided by 14.
11
Let g(i) = 2*i**3 - 46*i**2 - i + 24. Let w be g(23). What is the remainder when 107 is divided by 13 - (5 + w + -3)?
7
Suppose -41*c - 45*c = -7*c - 1106. Suppose -2*j - 83 = -2*m - 265, -2*m = -4*j + 354. Calculate the remainder when j is divided by c.
2
Let d = 160 + -157. Suppose -4*t + 16 = d*y - 0, -3*t + 18 = 3*y. What is the remainder when 27 is divided by y?
3
Suppose 0 = -2*g + 14 + 34. Calculate the remainder when ((-102)/48)/((-1)/(-4))*-14 is divided by g.
23
Suppose -95 = i + 4*w, -2*i - 3*w - w - 202 = 0. Let p = 152 + i. Calculate the remainder when 133 is divided by p.
43
Let y = -14 - -118. Let h = -9 + y. What is the remainder when h is divided by 20?
15
Suppose 0 = n + 3*n - 136. Let x = 370 + -366. Suppose o + 6 = i, -25 = -x*i - 2*o + 11. Calculate the remainder when n is divided by i.
2
Suppose 853 + 222 = 48*p - 23*p. Suppose 5*y = 1660 + 55. Calculate the remainder when y is divided by p.
42
Let n = -3479 - -3491. Suppose 9 = 3*v - s - 147, -2*s + 218 = 4*v. Calculate the remainder when v is divided by n.
5
Calculate the remainder when (84/(-49))/(((-133)/(-4508))/(-19)) is divided by 123.
120
Let s = 165 - 84. Suppose s*z - 86*z = -140. Calculate the remainder when (-18)/(-2)*(8 - -1) is divided by z.
25
Let t(q) = q**3 + 13*q**2 + 14*q + 26. Let x be t(-12). Suppose 0 = x*z + 24 - 102. What is the remainder when z is divided by 10?
9
Calculate the remainder when (-26)/((-9)/(-324)*(-3 + 0)) is divided by 45.
42
Suppose 186 = 3*z - 5*j, 2*z + 5*j - 149 = -0*z. What is the remainder when 2061 is divided by z?
51
Let u(s) = 22*s**2 - 293*s - 2. Suppose -2*w = -3*w + 5*k - 5, 3*w = -k + 33. Calculate the remainder when u(14) is divided by w.
8
Let d(p) = 34*p - 80. Let y be d(4). Suppose 5*v = y*v - 3417. What is the remainder when v is divided by 24?
19
Let r = 39 - 19. Let c = -983 + 994. Let p = r - c. Calculate the remainder when 98 is divided by p.
8
Let u(x) = 4*x. Let o be u(2). Suppose -4*d + 101 = -39. What is the remainder when 69*(2/(-4))/((-4)/o) is divided by d?
34
Suppose 0 = -83*j - 9891 + 38194. Calculate the remainder when j is divided by 40.
21
Suppose 20 = 367*m - 369*m. Calculate the remainder when -3 + (-6)/(-4) + (-615)/m is divided by 21.
18
Let f = -1501 - -1588. What is the remainder when f is divided by 22?
21
Let c(o) = -2*o**2 + 15*o + 21. Let h be c(9). Let j(z) = z**3 + 4*z**2 - 7*z - 1. Calculate the remainder when 34/(0 + h/(-9)) is divided by j(-5).
6
Let h be (12 + 0 + -11)/(1/(-341)). Let d = h - -368. Calculate the remainder when d is divided by 15.
12
Suppose -17*x = -122 - 252. Calculate the remainder when (6/(-4))/3 + 237/6 is divided by x.
17
Let t(r) = 433*r. Let p(f) = 20349*f. Let g(y) = -2*p(y) + 95*t(y). What is the remainder when g(1) is divided by 44?
41
Let a = -4355 + 5483. Calculate the remainder when 2257 is 